of 44330 and 176?
22
What is the greatest common divisor of 34200 and 1995?
285
What is the greatest common factor of 513002 and 14?
14
What is the greatest common factor of 172260 and 330?
330
Calculate the highest common factor of 453 and 37599.
453
What is the highest common factor of 158733 and 243?
27
Calculate the greatest common divisor of 138 and 346587.
69
What is the highest common factor of 20 and 67190?
10
Calculate the greatest common divisor of 41876 and 928.
116
Calculate the highest common factor of 1564 and 25160.
68
Calculate the greatest common factor of 5230 and 40.
10
What is the highest common divisor of 430 and 88494?
86
What is the highest common factor of 2160 and 41220?
180
What is the greatest common factor of 8604 and 108?
36
What is the highest common factor of 7242 and 5538?
426
Calculate the highest common divisor of 7292 and 8.
4
What is the highest common factor of 3594489 and 404?
101
What is the highest common factor of 5244969 and 57?
57
Calculate the highest common factor of 10772 and 3.
1
What is the greatest common divisor of 53890 and 6970?
170
Calculate the greatest common factor of 407 and 4081803.
407
Calculate the highest common factor of 25002 and 864.
54
Calculate the greatest common divisor of 79902 and 16560.
414
Calculate the highest common factor of 29139690 and 62.
62
What is the greatest common divisor of 686 and 128086?
98
What is the greatest common divisor of 758812 and 136?
68
What is the highest common divisor of 27864 and 344?
344
Calculate the greatest common divisor of 133940 and 74.
74
Calculate the highest common divisor of 16 and 15112.
8
Calculate the highest common divisor of 224875 and 125.
125
Calculate the greatest common divisor of 37536 and 4968.
552
Calculate the greatest common factor of 552 and 6034740.
276
Calculate the greatest common divisor of 59334 and 8526.
174
Calculate the highest common divisor of 325 and 308500.
25
Calculate the greatest common factor of 887703 and 3.
3
What is the highest common divisor of 87885 and 39?
3
Calculate the highest common divisor of 1026 and 8398.
38
What is the greatest common factor of 1023 and 117304?
341
Calculate the greatest common factor of 45297 and 189.
63
Calculate the greatest common factor of 452 and 9386232.
452
What is the highest common divisor of 9279 and 243?
9
Calculate the highest common divisor of 1958 and 9167.
89
Calculate the highest common factor of 2223 and 12825.
171
What is the greatest common factor of 214464 and 192?
192
Calculate the highest common divisor of 14338 and 4154.
134
What is the greatest common divisor of 80823 and 58?
29
Calculate the highest common divisor of 826622 and 179.
179
What is the greatest common divisor of 16393 and 197977?
1261
What is the highest common factor of 683624 and 72?
8
What is the greatest common factor of 5600894 and 78?
26
What is the highest common divisor of 26835 and 960?
15
What is the highest common divisor of 204 and 2883?
3
Calculate the greatest common factor of 219609 and 221.
13
What is the highest common divisor of 797754 and 372?
186
What is the highest common factor of 1767 and 2793?
57
What is the greatest common factor of 25900 and 224?
28
Calculate the highest common divisor of 12015 and 55625.
445
Calculate the highest common factor of 524031 and 222.
111
What is the greatest common factor of 4382 and 1302?
14
Calculate the greatest common divisor of 1457 and 8122.
31
Calculate the highest common divisor of 96354 and 12.
6
Calculate the highest common divisor of 1288 and 122080.
56
What is the greatest common divisor of 337171 and 1544?
193
What is the greatest common factor of 2023700 and 350?
350
Calculate the greatest common factor of 174951 and 1008.
63
What is the greatest common divisor of 172074 and 4284?
714
What is the greatest common divisor of 385496 and 16?
8
What is the highest common divisor of 123844 and 28?
28
What is the highest common divisor of 525 and 1740?
15
What is the greatest common factor of 56238 and 10894?
26
What is the greatest common divisor of 912 and 6288?
48
Calculate the highest common factor of 480 and 2740.
20
Calculate the greatest common divisor of 2319 and 3865.
773
What is the greatest common factor of 75640 and 3050?
610
Calculate the greatest common divisor of 1000974 and 246.
246
Calculate the greatest common divisor of 124 and 182714.
62
Calculate the greatest common factor of 30287 and 124.
31
Calculate the greatest common factor of 472161 and 341.
31
Calculate the greatest common divisor of 677507 and 37.
37
What is the highest common factor of 82 and 164984?
82
What is the highest common factor of 62 and 1194554?
62
What is the greatest common divisor of 32042 and 11691?
433
What is the greatest common divisor of 101193 and 4169?
379
What is the highest common divisor of 28 and 1148938?
14
Calculate the highest common divisor of 3 and 16350.
3
Calculate the highest common divisor of 17622 and 623.
89
What is the highest common divisor of 3024 and 15771?
21
What is the highest common divisor of 13920 and 10904?
232
Calculate the greatest common factor of 19905 and 75.
15
Calculate the greatest common divisor of 17070 and 510.
30
Calculate the highest common factor of 638 and 1665499.
319
What is the highest common factor of 24582 and 15?
3
Calculate the highest common factor of 801010 and 30.
10
Calculate the greatest common divisor of 2002 and 26689.
13
What is the greatest common factor of 416200 and 80?
40
Calculate the greatest common divisor of 423 and 52875.
423
Calculate the greatest common factor of 450 and 8820.
90
Calculate the greatest common factor of 144720 and 1675.
335
Calculate the greatest common divisor of 251086 and 505.
101
Calculate the greatest common factor of 37763 and 209.
11
Calculate the greatest common factor of 1568 and 227948.
196
What is the greatest common divisor of 476 and 110796?
28
What is the highest common factor of 35420 and 440?
220
Calculate the highest common factor of 545475 and 25.
25
Calculate the greatest common factor of 3183 and 2061.
3
Calculate the highest common factor of 135620 and 20.
20
Calculate the greatest common divisor of 3895038 and 378.
126
Calculate the highest common divisor of 10908 and 478336.
404
What is the greatest common factor of 1597997 and 71?
71
What is the greatest common divisor of 59 and 530?
1
Calculate the greatest common factor of 12680 and 24726.
634
What is the highest common factor of 46000 and 24?
8
What is the greatest common divisor of 35046 and 108?
54
Calculate the greatest common factor of 294 and 38514.
294
What is the greatest common divisor of 681231 and 2037?
291
Calculate the greatest common divisor of 1780506 and 2457.
819
What is the greatest common divisor of 2699 and 16?
1
Calculate the highest common factor of 3013 and 1357.
23
What is the greatest common divisor of 76042 and 6698?
394
Calculate the highest common factor of 261114 and 28.
14
What is the highest common divisor of 13041 and 1587?
69
What is the greatest common divisor of 27070 and 70?
10
What is the highest common factor of 44 and 582043?
11
What is the highest common divisor of 28 and 35217?
7
What is the greatest common divisor of 224 and 88277?
7
What is the highest common divisor of 61260 and 24?
12
What is the greatest common divisor of 425 and 7326150?
425
What is the highest common factor of 4701705 and 3070?
1535
Calculate the highest common divisor of 29 and 189515.
29
What is the highest common divisor of 275 and 95125?
25
What is the greatest common factor of 1645301 and 28?
7
Calculate the greatest common divisor of 51942 and 66.
66
Calculate the highest common factor of 28368 and 83134.
394
What is the highest common factor of 50616 and 144?
72
Calculate the highest common divisor of 284 and 35429.
71
What is the greatest common divisor of 308074 and 663?
221
What is the highest common divisor of 98381 and 6157?
131
Calculate the greatest common divisor of 58311 and 1364.
341
Calculate the highest common divisor of 3285 and 17100.
45
Calculate the highest common factor of 632 and 856.
8
What is the highest common divisor of 2747 and 7093?
41
Calculate the greatest common divisor of 1645 and 3473911.
329
Calculate the highe